 (base 7) in base 6?
154200
What is -1000000011111011 (base 2) in base 3?
-1200021221
-5563 (base 7) to base 14
-a33
Convert 632 (base 9) to base 12.
36b
-50026 (base 8) to base 15
-611c
Convert -11958 (base 10) to base 3.
-121101220
17b (base 15) to base 14
1a5
-304322 (base 6) to base 3
-1020100112
-151 (base 9) to base 8
-177
210 (base 4) to base 16
24
550 (base 9) to base 4
13002
686 (base 12) to base 15
446
Convert 22323212 (base 4) to base 16.
aee6
-362 (base 7) to base 11
-164
Convert 72 (base 15) to base 8.
153
What is -64561 (base 7) in base 2?
-11111011000010
-3631 (base 8) to base 13
-b68
Convert 123 (base 10) to base 7.
234
-104220 (base 5) to base 12
-2171
Convert -1181 (base 11) to base 14.
-7c1
What is 5513 (base 7) in base 10?
1970
What is -1926 (base 12) in base 11?
-2327
Convert 719c (base 16) to base 2.
111000110011100
-3355 (base 6) to base 15
-37b
What is -20346 (base 8) in base 16?
-20e6
-510 (base 9) to base 5
-3124
What is -6a6 (base 11) in base 4?
-31022
What is 14343 (base 6) in base 16?
8f7
Convert 20317 (base 9) to base 15.
3e71
What is 12336 (base 8) in base 4?
1103132
1099 (base 16) to base 15
13d4
Convert -245505 (base 7) to base 6.
-545103
58e (base 15) to base 11
a45
What is 133735 (base 8) in base 11?
32400
Convert 23334 (base 6) to base 2.
110100101010
What is -d9c (base 14) in base 9?
-3614
Convert -1643 (base 7) to base 10.
-668
Convert -100001110011010 (base 2) to base 4.
-10032122
What is -1767 (base 9) in base 4?
-111031
1447 (base 8) to base 11
674
966 (base 10) to base 9
1283
What is -100000110010 (base 2) in base 6?
-13414
What is 3a21 (base 11) in base 5?
131401
What is 3232121 (base 4) in base 5?
442012
What is 1040 (base 9) in base 14?
3c9
What is -120311 (base 4) in base 12?
-b05
135164 (base 7) to base 3
1022102022
3234 (base 5) to base 3
121110
What is 10100000010 (base 2) in base 4?
110002
Convert 8ace (base 15) to base 5.
1420234
Convert 211303 (base 4) to base 16.
973
532533 (base 6) to base 2
1010100110001001
-2531 (base 9) to base 8
-3543
3248 (base 9) to base 2
100101011001
-1634 (base 15) to base 3
-20112211
What is -57b0 (base 13) in base 6?
-132555
What is 102440 (base 5) in base 16?
da7
What is -8013 (base 16) in base 11?
-226a7
Convert 249 (base 13) to base 2.
110001111
What is 10011100101 (base 2) in base 12?
885
-37a (base 14) to base 11
-583
-a45a (base 11) to base 8
-33043
Convert -1b1 (base 15) to base 2.
-110000111
Convert 14626 (base 7) to base 16.
ff7
Convert -2022211 (base 3) to base 12.
-b94
What is -1e7 (base 16) in base 6?
-2131
1684 (base 13) to base 2
110011110111
What is -856 (base 11) in base 15?
-489
What is -1000111111010 (base 2) in base 5?
-121402
-48b7 (base 15) to base 6
-155344
Convert -111110000101 (base 2) to base 9.
-5404
-706 (base 9) to base 14
-2cd
-56b (base 16) to base 13
-829
1002111 (base 5) to base 4
3320202
-12020 (base 4) to base 14
-200
1010111100100 (base 2) to base 15
19d9
-6551 (base 7) to base 6
-14455
Convert -4c7 (base 13) to base 3.
-1011002
Convert -271 (base 15) to base 16.
-22c
-473 (base 12) to base 8
-1227
What is 2542 (base 6) in base 15?
2c8
100011111101 (base 2) to base 16
8fd
1297 (base 13) to base 7
10516
What is 1333 (base 8) in base 4?
23123
Convert -328 (base 10) to base 16.
-148
What is -1201 (base 3) in base 4?
-232
Convert -21030311 (base 4) to base 13.
-141cb
44374 (base 8) to base 11
13046
Convert -152021 (base 7) to base 10.
-29513
Convert -63b3 (base 16) to base 14.
-9431
Convert 4ce (base 16) to base 12.
866
-100333011 (base 4) to base 2
-10000111111000101
-390e (base 16) to base 8
-34416
Convert 13623 (base 8) to base 15.
1bc5
What is -2151 (base 10) in base 12?
-12b3
What is -291 (base 14) in base 11?
-432
What is -73e (base 15) in base 5?
-23014
25324 (base 6) to base 5
110141
Convert -21330 (base 5) to base 4.
-112321
What is -200002000 (base 3) in base 8?
-31570
What is 376 (base 10) in base 4?
11320
419 (base 15) to base 13
561
What is -122 (base 7) in base 6?
-145
Convert 3372 (base 10) to base 12.
1b50
34162 (base 7) to base 15
287d
What is -634 (base 10) in base 16?
-27a
Convert 15631 (base 8) to base 11.
5343
Convert 22003 (base 7) to base 4.
1111303
-a3 (base 13) to base 5
-1013
What is -2354 (base 6) in base 10?
-574
What is 316 (base 13) in base 2?
1000001110
Convert -7a3d (base 16) to base 3.
-1120221000
Convert -380 (base 12) to base 14.
-29a
Convert 544 (base 10) to base 5.
4134
-780b (base 13) to base 9
-24862
Convert -124242 (base 5) to base 11.
-3798
What is -41167 (base 8) in base 13?
-798b
What is -1302352 (base 6) in base 11?
-49012
2220133 (base 4) to base 2
10101000011111
Convert 1c01 (base 14) to base 15.
179c
What is 130001 (base 4) in base 3?
2110102
What is -23313 (base 4) in base 2?
-1011110111
Convert -118 (base 12) to base 8.
-244
-126c8 (base 13) to base 8
-102525
33004 (base 5) to base 4
203032
-758 (base 13) to base 14
-65a
What is 4b13 (base 15) in base 4?
3321321
-211000012 (base 3) to base 6
-202135
What is -76a (base 14) in base 11?
-1113
14bb4 (base 12) to base 14
a9ba
What is -11033 (base 4) in base 2?
-101001111
-10111110 (base 2) to base 5
-1230
Convert 140512 (base 6) to base 14.
4b12
Convert 3177 (base 8) to base 5.
23123
-7ca5 (base 14) to base 3
-1002202220
-202 (base 9) to base 15
-ae
-26a9 (base 13) to base 15
-199c
Convert -122100 (base 3) to base 11.
-396
Convert -222214 (base 6) to base 15.
-57dd
Convert -922 (base 14) to base 3.
-2110110
Convert 5390 (base 10) to base 9.
7348
382 (base 10) to base 13
235
What is bc24 (base 14) in base 9?
48606
Convert -100010100001110 (base 2) to base 5.
-1031203
What is -21141 (base 5) in base 16?
-58d
140c (base 14) to base 9
4763
Convert 11000001 (base 2) to base 15.
cd
Convert 72 (base 11) to base 3.
2221
133261 (base 7) to base 13
b5cc
What is -4502 (base 7) in base 14?
-839
-6320 (base 10) to base 15
-1d15
Convert -2bc3 (base 15) to base 14.
-3600
What is 20012122 (base 3) in base 14?
1914
Convert -5431 (base 6) to base 2.
-10011011011
-735 (base 8) to base 9
-580
What is 83 (base 13) in base 6?
255
-d6d (base 14) to base 5
-41040
20660 (base 8) to base 12
4ba8
Convert 1c0d (base 15) to base 16.
17c8
What is b4 (base 12) in base 8?
210
1211 (base 4) to base 7
203
What is 51240 (base 7) in base 8?
30272
What is 13990 (base 10) in base 4?
3122212
-103211302 (base 4) to base 12
-3a52a
-40033 (base 5) to base 11
-198a
Convert 170c8 (base 15) to base 5.
4340223
What is -2843 (base 13) in base 9?
-7855
72770 (base 8) to base 14
b012
What is 131 (base 10) in base 4?
2003
What is -1313000 (base 4) in base 6?
-55132
-10100110111 (base 2) to base 9
-1743
Convert -364 (base 14) to base 13.
-400
22 (base 12) to base 15
1b
61 (base 8) to base 14
37
What is -31760 (base 8) in base 6?
-141320
What is 1050 (base 10) in base 8?
2032
What is 23423 (base 7) in base 3?
22021212
61d (base 15) to base 3
1220001
What is 2023300 (base 4) in base 16?
22f0
Convert 5245 (base 9) to base 7.
14135
-6611 (base 10) to base 14
-25a3
What is 107a (base 14) in base 4?
230210
Convert -14023 (base 9) to base 8.
-22432
122121222 (base 3) to base 13
5b07
What is -5363 (base 8) in base 11?
-2119
476 (base 10) to base 2
111011100
Convert 177 (base 10) to base 3.
20120
176 (base 14) to base 3
102010
What is -1191 (base 10) in base 3?
-1122010
Convert 12 (base 16) to base 5.
33
What is -10111001110010 (base 2) in base 8?
-27162
What is -32224 (base 8) in base 16?
-3494
-298 (base 10) to base 16
-12a
-5c2 (base 14) to base 2
-10001111110
-2264 (base 7) to base 11
-695
Convert -7859 (base 10) to base 16.
-1eb3
Convert 100222 (base 3) to base 2.
100001101
What is 1cd (base 14) in base 15?
1a2
Convert -24809 (base 14) to base 6.
-1525453
What is -3420 (base 6) in base 16?
-324
-da5e (base 15) to base 8
-132206
-14204 (base 5) to base 14
-603
-21460 (base 9) to base 14
-5285
-20121 (base 8) to base 16
-2051
What is 4437 (base 8) in base 2?
100100011111
What is -1101012001 (base 3) in base 9?
-41161
400 (base 11) to base 9
587
-37a (base 11) to base 12
-316
Convert 1000010001110110 (base 2) to base 3.
1201111221
What is -302242 (base 5) in base 7?
-40162
What is -61411 (base 7) in base 5?
-434303
Convert -b373 (base 13) to base 7.
-132132
What is -22113 (base 4) in base 12